{"version":"1.0","type":"rich","width":"560px","height":"140px","title":"BT099 - Ein kalter und dunkler Winter? - Zwischen Freiburg und Mainz besch\u00e4ftigt viele VfB-Fans auch die Pr\u00e4sidentschaftssituation beim VfB. Wir sprechen mit Johann Schicklinski \u00fcber die aktuellen Entwicklungen.","url":"https:\/\/www.brustringtalk.de\/bt099-ein-kalter-und-dunkler-winter\/","author_name":"BrustringTalk | der VfB Stuttgart-Podcast","author_url":"https:\/\/www.brustringtalk.de","thumbnail_url":"https:\/\/www.brustringtalk.de\/wp-content\/uploads\/2019\/11\/brustringtalk_logo_final_3000px_weiss.png","html":"<iframe width=\"560px\" height=\"140px\" src=\"https:\/\/www.brustringtalk.de\/bt099-ein-kalter-und-dunkler-winter\/?standalonePlayer\"><\/iframe>"}

BT099 - Ein kalter und dunkler Winter? - Zwischen Freiburg und Mainz beschäftigt viele VfB-Fans auch die Präsidentschaftssituation beim VfB. Wir sprechen mit Johann Schicklinski über die aktuellen Entwicklungen.
